{"id":155,"date":"2016-03-15T16:14:11","date_gmt":"2016-03-15T16:14:11","guid":{"rendered":"http:\/\/nordsjaelland.danmarksveteraner.dk\/wordpress\/?page_id=155"},"modified":"2019-08-11T11:43:51","modified_gmt":"2019-08-11T09:43:51","slug":"lokalforeningens-historie","status":"publish","type":"page","link":"https:\/\/nordsjaelland.danmarksveteraner.dk\/wordpress\/?page_id=155","title":{"rendered":"Lokalforeningens historie"},"content":{"rendered":"<p><strong>Foreningens navn er:<br \/>\nDanmarks Veteraner, lokalforening De Bl\u00e5 Baretter, Nordsj\u00e6lland.<\/strong><\/p>\n<p><strong>Stiftelse:<\/strong><br \/>\nLokalforeningen opstod i 1989, hvor ca. 100 medlemmer, bl.a. fra lokalforening K\u00f8benhavn, blev overflyttet til den nye lokalforening, som var blevet oprettet p\u00e5 initiativ af John Dall, Cypernveteran.<\/p>\n<p style=\"text-align: center;\"><a href=\"http:\/\/nordsjaelland.danmarksveteraner.dk\/wordpress\/wp-content\/uploads\/2016\/03\/Landsformand-og-ny-formand_001-500x378.jpg\"><img loading=\"lazy\" decoding=\"async\" class=\"aligncenter size-full wp-image-783\" src=\"http:\/\/nordsjaelland.danmarksveteraner.dk\/wordpress\/wp-content\/uploads\/2016\/03\/Landsformand-og-ny-formand_001-500x378.jpg\" alt=\"\" width=\"500\" height=\"378\" srcset=\"https:\/\/nordsjaelland.danmarksveteraner.dk\/wordpress\/wp-content\/uploads\/2016\/03\/Landsformand-og-ny-formand_001-500x378.jpg 500w, https:\/\/nordsjaelland.danmarksveteraner.dk\/wordpress\/wp-content\/uploads\/2016\/03\/Landsformand-og-ny-formand_001-500x378-300x227.jpg 300w\" sizes=\"auto, (max-width: 500px) 100vw, 500px\" \/><\/a>Torben Alstrup Nielsen, landsformand (tv) og John Dall, lokalforeningsformand (th)<\/p>\n<p>Den 14. august 1989 blev der afholdt stiftende generalforsamling p\u00e5 Arres\u00f8hus i St. Lyngby og lokalforening Nordsj\u00e6lland var nu en officiel forening i FN-Soldaterforeningen, som landsforeningen hed den gang.<\/p>\n<p>Foreningens navn har indtil d. 10. april 2016 v\u00e6ret: Lokalforening Nordsj\u00e6lland. Efter repr\u00e6sentantskabsm\u00f8det, da landsforeningen \u00e6ndrede navn til Danmarks Veteraner, blev det \u00e6ndret til lokalforening De Bl\u00e5 Baretter, Nordsj\u00e6lland, men efter generalforsamlingen d. 23. februar 2017 blev det bestemt, at foreningen fremover hedder <strong>Danmarks Veteraner Nordsj\u00e6lland<\/strong>.<\/p>\n<p>Foreningens geografiske omr\u00e5de omfatter det dav\u00e6rende Frederiksborg Amt, samt postnumrene 3500 V\u00e6rl\u00f8se og 4040 Jyllinge.<\/p>\n<p>Der var ca. 100 medlemmer ved foreningens start mod nuv\u00e6rende 204 medlemmer.<\/p>\n<p style=\"text-align: center;\"><a href=\"http:\/\/nordsjaelland.danmarksveteraner.dk\/wordpress\/wp-content\/uploads\/2016\/03\/Den-f\u00f8rste-bestyrelse-500x325-500x325.jpg\"><img loading=\"lazy\" decoding=\"async\" class=\"aligncenter size-full wp-image-779\" src=\"http:\/\/nordsjaelland.danmarksveteraner.dk\/wordpress\/wp-content\/uploads\/2016\/03\/Den-f\u00f8rste-bestyrelse-500x325-500x325.jpg\" alt=\"Den f\u00f8rste bestyrelse (500x325) (500x325)\" width=\"500\" height=\"325\" srcset=\"https:\/\/nordsjaelland.danmarksveteraner.dk\/wordpress\/wp-content\/uploads\/2016\/03\/Den-f\u00f8rste-bestyrelse-500x325-500x325.jpg 500w, https:\/\/nordsjaelland.danmarksveteraner.dk\/wordpress\/wp-content\/uploads\/2016\/03\/Den-f\u00f8rste-bestyrelse-500x325-500x325-300x195.jpg 300w\" sizes=\"auto, (max-width: 500px) 100vw, 500px\" \/><\/a>Lokalforeningens f\u00f8rste bestyrelse.<\/p>\n<p>Foreningens f\u00f8rste bestyrelse:<br \/>\nFormand: John Dall, Cypern 12, 13, 20, 21<br \/>\nN\u00e6stformand: Lars Hansen, Cypern 41, 42, 49<br \/>\nKasserer: Ivan S\u00f8ndergaard, Gaza 10, 11, Cypern 01<br \/>\nSekret\u00e6r: Kim Frederik Just von Thun, Cypern 19, 20<br \/>\nBestyrelsesmedlem: Bjarne Frandsen, Cypern 29, 30, 31, 32, 37, 38<br \/>\nSuppleant: Torben S\u00f8gart, Cypern 25, 38, 39, 40, 41<br \/>\nSuppleant: Niels Juel Pedersen, Gaza 11, 12, Cypern 03, 04, 05, 06.<\/p>\n<p><strong>Lokaler:<\/strong><br \/>\nEfter lokalforeningens stiftelse blev Arres\u00f8hus i St. Lyngby brugt som &#8220;hjemsted&#8221; i en kort periode. Herefter var det Melbylejren, hvor der skulle indsendes ans\u00f8gning f\u00f8r hvert enkelt arrangement, s\u00e5 det blev aldrig noget rigtigt hjemsted. Vi holdt til i Melbylejren frem til efter\u00e5ret 1994.<\/p>\n<p>I en kort periode brugte vi herefter Str\u00f8 Skytteforenings lokaler i Sigerslev\u00f8ster Forsamlingshus.<\/p>\n<p>Efter flere forg\u00e6ves ans\u00f8gninger til H\u00f8velte kaserne og J\u00e6gersprislejren m. fl. lykkedes det med stor hj\u00e6lp fra Generall\u00f8jtnant Ole Larsen Kandborg, at f\u00e5 stillet bygning 29 i J\u00e6gersprislejren til vores r\u00e5dighed fra den 1. januar 1995. Generalen deltog som hovedtaler ved sommerst\u00e6vnet i Melbylejren i 1994. Under middagen gik bestyrelsesmedlem Finn Holm-Hansen hen til Generalen for at f\u00e5 en autograf i g\u00e6stebogen, og spurgte samtidig om der var mulighed for at f\u00e5 stillet et lokale til r\u00e5dighed i J\u00e6gersprislejren, n\u00e5r FN-afdelingen flyttede til Vordingborg. Generalen sagde at det ville han se p\u00e5, og nogle m\u00e5neder efter fik vi brev fra J\u00e6gersprislejren om at der var et lokale til r\u00e5dighed for os. Hermed fik vi for f\u00f8rste gang et rigtigt hjemsted, og det har vi, indtil vi flyttede til bygning 65, hvor vi indtil nu har vore lokaler.<\/p>\n<p><strong>Fanerne:<\/strong><br \/>\nDannebrogsfanen fik vi tildelt af Danmarks-Samfundet. Den blev overrakt til bestyrelsesmedlem og faneb\u00e6rer J\u00f8rgen Oxholm Olsen den 15. juni 1993 p\u00e5 Frederiksborg Slot. Fanens logo blev sponsoreret af tidligere n\u00e6stformand Kaj Mortensen.<\/p>\n<p><div class=\"ezcol ezcol-one-half\"><a href=\"http:\/\/nordsjaelland.danmarksveteraner.dk\/wordpress\/wp-content\/uploads\/2016\/03\/Den-nye-fane-1993_001-342x500.jpg\"><img loading=\"lazy\" decoding=\"async\" class=\"wp-image-780 alignleft\" src=\"http:\/\/nordsjaelland.danmarksveteraner.dk\/wordpress\/wp-content\/uploads\/2016\/03\/Den-nye-fane-1993_001-342x500.jpg\" alt=\"Den nye fane 1993_001 (342x500)\" width=\"273\" height=\"399\" srcset=\"https:\/\/nordsjaelland.danmarksveteraner.dk\/wordpress\/wp-content\/uploads\/2016\/03\/Den-nye-fane-1993_001-342x500.jpg 342w, https:\/\/nordsjaelland.danmarksveteraner.dk\/wordpress\/wp-content\/uploads\/2016\/03\/Den-nye-fane-1993_001-342x500-205x300.jpg 205w\" sizes=\"auto, (max-width: 273px) 100vw, 273px\" \/><\/a><\/div> <div class=\"ezcol ezcol-one-half ezcol-last\"><a href=\"http:\/\/nordsjaelland.danmarksveteraner.dk\/wordpress\/wp-content\/uploads\/2016\/03\/Indvielse-af-fanen_001-500x337.jpg\"><img loading=\"lazy\" decoding=\"async\" class=\"wp-image-781 alignright\" src=\"http:\/\/nordsjaelland.danmarksveteraner.dk\/wordpress\/wp-content\/uploads\/2016\/03\/Indvielse-af-fanen_001-500x337.jpg\" alt=\"\" width=\"356\" height=\"240\" srcset=\"https:\/\/nordsjaelland.danmarksveteraner.dk\/wordpress\/wp-content\/uploads\/2016\/03\/Indvielse-af-fanen_001-500x337.jpg 500w, https:\/\/nordsjaelland.danmarksveteraner.dk\/wordpress\/wp-content\/uploads\/2016\/03\/Indvielse-af-fanen_001-500x337-300x202.jpg 300w\" sizes=\"auto, (max-width: 356px) 100vw, 356px\" \/><\/a><\/div><div class=\"ezcol-divider\"><\/div><\/p>\n<p>Fanen blev indviet den 27. november 1993 i Melbylejren.<br \/>\nNK i Melbylejren, kaptajn Gamrath, slog f\u00f8rste s\u00f8m i for Kongehuset. Borgmester Frode Behrendtz, Frederiksv\u00e6rk, slog andet s\u00f8m i for F\u00e6drelandet og Nordsj\u00e6llands formand John Dall, slog tredje s\u00f8m i for lokalforeningen.<br \/>\nEfter faneindvielsen s\u00f8mmede Kaj Mortensen en s\u00f8lvplade p\u00e5 fanen, der viser, at det var ham, der sponsorerede logoet.<\/p>\n<p>FN-fanen er en gave fra tidligere n\u00e6stformand Kaj Mortensen og lokalforeningens formand Mogens Larsen, og den blev taget i brug i forbindelse med sommerst\u00e6vnet i Melbylejren, l\u00f8rdag den 18. juni 1994.<\/p>\n<p>NATO fanen blev indk\u00f8bt af lokalforeningen i for\u00e5ret 2004 og brugt f\u00f8rste gang den 4. maj 2004 ved &#8220;Lys-festen&#8221; i Helsing\u00f8r.<\/p>\n<p><strong>Aktiviteter:<\/strong><br \/>\nI 1998 og 1999 indkaldte DSL til m\u00f8de i Pionerforeningens lokaler i Farum, for at f\u00e5 dannet et Nordsj\u00e6llandsk Samvirke. Det lykkedes af forskellige \u00e5rsager ikke, men efter sidste m\u00f8de foreslog Hans Otto Hansen, der er formand for Marineforeningen i Hiller\u00f8d, at De Bl\u00e5 Baretter Nordsj\u00e6lland og Marineforeningen i Hiller\u00f8d skulle indlede et samarbejde, s\u00e5ledes at vi deltog i hinandens arrangementer. F\u00f8rste gang blev ved Marineforeningens Fregatskydning p\u00e5 N\u00f8debo Kro i september 1999. Af andre f\u00e6lles arrangementer kan n\u00e6vnes fugleskydning, torskegilde, foredrag og sejlads med den lille f\u00e6rge p\u00e5 Slotss\u00f8en i Hiller\u00f8d. F\u00e6rgen er oprindeligt bygget som redningsb\u00e5d til hospitalskibet Jutlandia, s\u00e5 det er ogs\u00e5 et stykke FN historie. Det har v\u00e6ret et godt samarbejde, som desv\u00e6rre er slut, da foreningen ikke l\u00e6ngere eksisterer.<\/p>\n<p>Af s\u00e6rlige begivenheder vi har deltaget i, kan n\u00e6vnes 4. maj ved Sveas\u00f8jlen i Helsing\u00f8r, International Day of United Nations Peacekeepers i Kastellet, &#8220;\u00c5bent Hus&#8221; p\u00e5 Sj\u00e6lsmark kaserne, Valdemarsdag i Hiller\u00f8d, Forsvarets Dag p\u00e5 Kronborg og FN-Paraden den 24. oktober. Af st\u00f8rre arrangementer har vi deltaget i paraden ved 60 \u00e5rs dagen for 29. august 1943 i Mindelunden, hvor Dronningen og Statsministeren ogs\u00e5 deltog. Vi var ogs\u00e5 med ved Kronprinsens bryllup den 14. maj 2004.<\/p>\n<p>St\u00f8rre arrangementer vi selv har st\u00e5et for er Sommerst\u00e6vne 1994 i Melbylejren og Sommerst\u00e6vne 2006 i J\u00e6gersprislejren.<\/p>\n<p><div class=\"ezcol ezcol-one-half\"><a href=\"http:\/\/nordsjaelland.danmarksveteraner.dk\/wordpress\/wp-content\/uploads\/2016\/03\/Sommerst\u00e6vne-i-Melby-1_001-500x313.jpg\"><img loading=\"lazy\" decoding=\"async\" class=\"aligncenter wp-image-784\" src=\"http:\/\/nordsjaelland.danmarksveteraner.dk\/wordpress\/wp-content\/uploads\/2016\/03\/Sommerst\u00e6vne-i-Melby-1_001-500x313.jpg\" alt=\"\" width=\"383\" height=\"240\" srcset=\"https:\/\/nordsjaelland.danmarksveteraner.dk\/wordpress\/wp-content\/uploads\/2016\/03\/Sommerst\u00e6vne-i-Melby-1_001-500x313.jpg 500w, https:\/\/nordsjaelland.danmarksveteraner.dk\/wordpress\/wp-content\/uploads\/2016\/03\/Sommerst\u00e6vne-i-Melby-1_001-500x313-300x188.jpg 300w\" sizes=\"auto, (max-width: 383px) 100vw, 383px\" \/><\/a><\/div> <div class=\"ezcol ezcol-one-half ezcol-last\"><a href=\"http:\/\/nordsjaelland.danmarksveteraner.dk\/wordpress\/wp-content\/uploads\/2016\/03\/Sommerst\u00e6vne-i-Melby-2_002-500x332.jpg\"><img loading=\"lazy\" decoding=\"async\" class=\"aligncenter wp-image-786\" src=\"http:\/\/nordsjaelland.danmarksveteraner.dk\/wordpress\/wp-content\/uploads\/2016\/03\/Sommerst\u00e6vne-i-Melby-2_002-500x332.jpg\" alt=\"Sommerst\u00e6vne i Melby 2_002 (500x332)\" width=\"353\" height=\"234\" srcset=\"https:\/\/nordsjaelland.danmarksveteraner.dk\/wordpress\/wp-content\/uploads\/2016\/03\/Sommerst\u00e6vne-i-Melby-2_002-500x332.jpg 500w, https:\/\/nordsjaelland.danmarksveteraner.dk\/wordpress\/wp-content\/uploads\/2016\/03\/Sommerst\u00e6vne-i-Melby-2_002-500x332-300x199.jpg 300w\" sizes=\"auto, (max-width: 353px) 100vw, 353px\" \/><\/a><\/div><div class=\"ezcol-divider\"><\/div><br \/>\n<strong>Bestyrelser:<\/strong><br \/>\nForeningens f\u00f8rste formand John Dall gik ud af bestyrelsen den 24.11.1996 og blev afl\u00f8st af dav\u00e6rende n\u00e6stformand Mogens Larsen, som blev konstitueret formand frem til generalforsamlingen den 15. maj 1997, og han blev her valgt som formand.<\/p>\n<p>Nuv\u00e6rende formand:<br \/>\n<span style=\"display: inline !important; float: none; background-color: transparent; color: #191e23; cursor: text; font-family: 'Noto Serif'; font-size: 16px; font-style: normal; font-variant: normal; font-weight: 400; letter-spacing: normal; orphans: 2; text-align: left; text-decoration: none; text-indent: 0px; text-transform: none; -webkit-text-stroke-width: 0px; white-space: normal; word-spacing: 0px;\">Steen Sch\u00fctz<\/span><br \/>\nCypern 38, EU 1994\/1995<\/p>\n<p><strong>Lokalforeningens form\u00e6nd:<br \/>\n<\/strong>14. aug.1989 &#8211; 25. nov. 1996,\u00a0\u00a0\u00a0 John Dall.<br \/>\n25. nov. 1996 &#8211; Marts 2009, \u00a0\u00a0 \u00a0 Mogens Larsen.<br \/>\nMarts 2009 &#8211; 21. okt. 2009, \u00a0\u00a0\u00a0\u00a0\u00a0 Karsten Zier Bro.<br \/>\n21. okt. 2009 &#8211; 22. feb. 2012, \u00a0\u00a0 Stephan Vogelius.<br \/>\n22. feb. 2012 &#8211; 26. feb. 2015, \u00a0\u00a0 Vagn Erik Hove.<br \/>\n26. feb. 2015 &#8211;\u00a0 21. feb.2019 \u00a0 \u00a0 Gert L\u00f8drup Andersen.<br \/>\n21. feb. 2019\u00a0 &#8211; \u00a0 \u00a0 \u00a0 \u00a0 \u00a0 \u00a0 \u00a0 \u00a0 \u00a0 \u00a0 \u00a0 \u00a0 \u00a0\u00a0 Steen Sch\u00fctz<\/p>\n","protected":false},"excerpt":{"rendered":"<p>Foreningens navn er: Danmarks Veteraner, lokalforening De Bl\u00e5 Baretter, Nordsj\u00e6lland. Stiftelse: Lokalforeningen opstod i 1989, hvor ca. 100 medlemmer, bl.a.<\/p>\n","protected":false},"author":1,"featured_media":0,"parent":34,"menu_order":6,"comment_status":"closed","ping_status":"closed","template":"","meta":{"colormag_page_container_layout":"default_layout","colormag_page_sidebar_layout":"default_layout","footnotes":""},"class_list":["post-155","page","type-page","status-publish","hentry"],"_links":{"self":[{"href":"https:\/\/nordsjaelland.danmarksveteraner.dk\/wordpress\/index.php?rest_route=\/wp\/v2\/pages\/155","targetHints":{"allow":["GET"]}}],"collection":[{"href":"https:\/\/nordsjaelland.danmarksveteraner.dk\/wordpress\/index.php?rest_route=\/wp\/v2\/pages"}],"about":[{"href":"https:\/\/nordsjaelland.danmarksveteraner.dk\/wordpress\/index.php?rest_route=\/wp\/v2\/types\/page"}],"author":[{"embeddable":true,"href":"https:\/\/nordsjaelland.danmarksveteraner.dk\/wordpress\/index.php?rest_route=\/wp\/v2\/users\/1"}],"replies":[{"embeddable":true,"href":"https:\/\/nordsjaelland.danmarksveteraner.dk\/wordpress\/index.php?rest_route=%2Fwp%2Fv2%2Fcomments&post=155"}],"version-history":[{"count":35,"href":"https:\/\/nordsjaelland.danmarksveteraner.dk\/wordpress\/index.php?rest_route=\/wp\/v2\/pages\/155\/revisions"}],"predecessor-version":[{"id":2657,"href":"https:\/\/nordsjaelland.danmarksveteraner.dk\/wordpress\/index.php?rest_route=\/wp\/v2\/pages\/155\/revisions\/2657"}],"up":[{"embeddable":true,"href":"https:\/\/nordsjaelland.danmarksveteraner.dk\/wordpress\/index.php?rest_route=\/wp\/v2\/pages\/34"}],"wp:attachment":[{"href":"https:\/\/nordsjaelland.danmarksveteraner.dk\/wordpress\/index.php?rest_route=%2Fwp%2Fv2%2Fmedia&parent=155"}],"curies":[{"name":"wp","href":"https:\/\/api.w.org\/{rel}","templated":true}]}}